{"version":"1.0","type":"rich","provider_name":"OberpfalzECHO","provider_url":"https:\/\/oberpfalzecho.de","title":"Bl\u00e4sertag st\u00e4rkt Ensembles in Erbendorf","html":"<a href=\"https:\/\/oberpfalzecho.de\/kultur\/blaesertag-staerkt-ensembles-in-erbendorf\" class=\"embed-preview\"><img src=\"https:\/\/redaktion.oberpfalzecho.de\/wp-content\/uploads\/2026\/03\/Blaesertag-staerkt-Ensembles-in-Erbendorf-scaled.jpg\" alt=\"\"><div><strong>Bl\u00e4sertag st\u00e4rkt Ensembles in Erbendorf<\/strong><p>Erbendorf. Ein Bl\u00e4sertag im B\u00fcrgerhaus vereinte gut 50 Musiker und sch\u00e4rfte Technik und Klang unter Leitung von Dr. Markus Ringer. Am 26. April folgt das Gemeinschaftskonzert, das den Titel Landmusikort des Jahres 2025 feiert.<\/p><\/div><\/a>","width":600,"height":338}

Bläsertag stärkt Ensembles in Erbendorf

<a href="https://oberpfalzecho.de/kultur/blaesertag-staerkt-ensembles-in-erbendorf" class="embed-preview"><img src="https://redaktion.oberpfalzecho.de/wp-content/uploads/2026/03/Blaesertag-staerkt-Ensembles-in-Erbendorf-scaled.jpg" alt=""><div><strong>Bläsertag stärkt Ensembles in Erbendorf</strong><p>Erbendorf. Ein Bläsertag im Bürgerhaus vereinte gut 50 Musiker und schärfte Technik und Klang unter Leitung von Dr. Markus Ringer. Am 26. April folgt das Gemeinschaftskonzert, das den Titel Landmusikort des Jahres 2025 feiert.</p></div></a>
