{"version":"1.0","type":"rich","provider_name":"OberpfalzECHO","provider_url":"https:\/\/oberpfalzecho.de","title":"Pfarrer Daniel Fenk: \"Was wir glauben \u2013 und warum\"","html":"<a href=\"https:\/\/oberpfalzecho.de\/kultur\/pfarrer-daniel-fenk-was-wir-glauben-und-warum\" class=\"embed-preview\"><img src=\"https:\/\/redaktion.oberpfalzecho.de\/wp-content\/uploads\/2026\/01\/7c42a961-Pfarrer-Daniel-Fenk-Vortrag-ueber-das-Glaubensbekenntnis-im-Jugendheim-Grafenwoehr-scaled.jpg\" alt=\"\"><div><strong>Pfarrer Daniel Fenk: \"Was wir glauben \u2013 und warum\"<\/strong><p>Grafenw\u00f6hr. Vor 1700 Jahren, im Jahr 325, fand in Nic\u00e4a (heute \u0130znik in der T\u00fcrkei) das erste \u00d6kumenische Konzil der Kirchengeschichte statt. Dieses historische Ereignis pr\u00e4gt unseren Glauben bis heute, besonders durch das Glaubensbekenntnis, das dort seine Wurzeln hat.<\/p><\/div><\/a>","width":600,"height":338}

<a href="https://oberpfalzecho.de/kultur/pfarrer-daniel-fenk-was-wir-glauben-und-warum" class="embed-preview"><img src="https://redaktion.oberpfalzecho.de/wp-content/uploads/2026/01/7c42a961-Pfarrer-Daniel-Fenk-Vortrag-ueber-das-Glaubensbekenntnis-im-Jugendheim-Grafenwoehr-scaled.jpg" alt=""><div><strong>Pfarrer Daniel Fenk: "Was wir glauben – und warum"</strong><p>Grafenwöhr. Vor 1700 Jahren, im Jahr 325, fand in Nicäa (heute İznik in der Türkei) das erste Ökumenische Konzil der Kirchengeschichte statt. Dieses historische Ereignis prägt unseren Glauben bis heute, besonders durch das Glaubensbekenntnis, das dort seine Wurzeln hat.</p></div></a>
