{"version":"1.0","type":"rich","provider_name":"OberpfalzECHO","provider_url":"https:\/\/oberpfalzecho.de","title":"Loreen und Benjamin Zeitler sagen JA!: Doppelt Grund zum Feiern","html":"<a href=\"https:\/\/oberpfalzecho.de\/menschen\/loreen-und-benjamin-zeitler-sagen-ja-doppelt-grund-zum-feiern\" class=\"embed-preview\"><img src=\"https:\/\/redaktion.oberpfalzecho.de\/wp-content\/uploads\/2024\/06\/Hochzeit-Zeitler-1-scaled.jpg\" alt=\"\"><div><strong>Loreen und Benjamin Zeitler sagen JA!: Doppelt Grund zum Feiern<\/strong><p>Weiden. Der ein oder andere hat sich am Samstag in der Fu\u00dfg\u00e4ngerzone sicher gewundert, was hier gefeiert wird. Dr. Benjamin Zeitler und Dr. Loreen M\u00e4rz (jetzt Zeitler) haben sich im Kreise zahlreicher Freunde, Kollegen, Vereinskameraden und Partei-Freunden das Ja-Wort gegeben. Die Reihe der Gl\u00fcckw\u00fcnschenden reichte komplett \u00fcber den Oberen Markt. <\/p><\/div><\/a>","width":600,"height":338}

<a href="https://oberpfalzecho.de/menschen/loreen-und-benjamin-zeitler-sagen-ja-doppelt-grund-zum-feiern" class="embed-preview"><img src="https://redaktion.oberpfalzecho.de/wp-content/uploads/2024/06/Hochzeit-Zeitler-1-scaled.jpg" alt=""><div><strong>Loreen und Benjamin Zeitler sagen JA!: Doppelt Grund zum Feiern</strong><p>Weiden. Der ein oder andere hat sich am Samstag in der Fußgängerzone sicher gewundert, was hier gefeiert wird. Dr. Benjamin Zeitler und Dr. Loreen März (jetzt Zeitler) haben sich im Kreise zahlreicher Freunde, Kollegen, Vereinskameraden und Partei-Freunden das Ja-Wort gegeben. Die Reihe der Glückwünschenden reichte komplett über den Oberen Markt. </p></div></a>
