{"version":"1.0","type":"rich","provider_name":"OberpfalzECHO","provider_url":"https:\/\/oberpfalzecho.de","title":"Echo-Renten-Debatte: So reagiert die Politik auf die Renten-Runde","html":"<a href=\"https:\/\/oberpfalzecho.de\/politik\/echo-renten-debatte-so-reagiert-die-politik-auf-die-renten-runde\" class=\"embed-preview\"><img src=\"https:\/\/redaktion.oberpfalzecho.de\/wp-content\/uploads\/2025\/02\/Echo-Wahlinitiative-Rente.280124-jrh-OE-22-scaled.jpg\" alt=\"\"><div><strong>Echo-Renten-Debatte: So reagiert die Politik auf die Renten-Runde<\/strong><p>Neuhaus. Die Echo-Renten-Debatte im Bahler dreht sich auch um Zahlen und Fakten, Renten-Punkte und Mindestrente. Genauso wichtig ist uns aber ein Leben in W\u00fcrde f\u00fcr unsere Nordoberpf\u00e4lzer nach einem langen Arbeitsleben. Nach dem Podium ist die Politik an der Reihe.<\/p><\/div><\/a>","width":600,"height":338}

<a href="https://oberpfalzecho.de/politik/echo-renten-debatte-so-reagiert-die-politik-auf-die-renten-runde" class="embed-preview"><img src="https://redaktion.oberpfalzecho.de/wp-content/uploads/2025/02/Echo-Wahlinitiative-Rente.280124-jrh-OE-22-scaled.jpg" alt=""><div><strong>Echo-Renten-Debatte: So reagiert die Politik auf die Renten-Runde</strong><p>Neuhaus. Die Echo-Renten-Debatte im Bahler dreht sich auch um Zahlen und Fakten, Renten-Punkte und Mindestrente. Genauso wichtig ist uns aber ein Leben in Würde für unsere Nordoberpfälzer nach einem langen Arbeitsleben. Nach dem Podium ist die Politik an der Reihe.</p></div></a>
