{"version":"1.0","type":"rich","provider_name":"OberpfalzECHO","provider_url":"https:\/\/oberpfalzecho.de","title":"Waldthurner SPD nominiert Hans-Peter Reil zur Kommunalwahl 2026","html":"<a href=\"https:\/\/oberpfalzecho.de\/politik\/waldthurner-spd-nominiert-hans-peter-reil-zur-kommunalwahl-2026\" class=\"embed-preview\"><img src=\"https:\/\/redaktion.oberpfalzecho.de\/wp-content\/uploads\/2025\/09\/Waldthurner-SPD-nominiert-Hans-Peter-Reil-zur-Kommunalwahl-2026-scaled.jpg\" alt=\"\"><div><strong>Waldthurner SPD nominiert Hans-Peter Reil zur Kommunalwahl 2026<\/strong><p>Waldthurn. Die SPD nominiert Hans-Peter Reil als B\u00fcrgermeisterkandidaten f\u00fcr 2026 und er setzt auf Pflichtaufgaben wie Wasserversorgung, Kindergarten, Schule, Brandschutz und Stra\u00dfen.<\/p><\/div><\/a>","width":600,"height":338}

<a href="https://oberpfalzecho.de/politik/waldthurner-spd-nominiert-hans-peter-reil-zur-kommunalwahl-2026" class="embed-preview"><img src="https://redaktion.oberpfalzecho.de/wp-content/uploads/2025/09/Waldthurner-SPD-nominiert-Hans-Peter-Reil-zur-Kommunalwahl-2026-scaled.jpg" alt=""><div><strong>Waldthurner SPD nominiert Hans-Peter Reil zur Kommunalwahl 2026</strong><p>Waldthurn. Die SPD nominiert Hans-Peter Reil als Bürgermeisterkandidaten für 2026 und er setzt auf Pflichtaufgaben wie Wasserversorgung, Kindergarten, Schule, Brandschutz und Straßen.</p></div></a>
