{"version":"1.0","type":"rich","provider_name":"OberpfalzECHO","provider_url":"https:\/\/oberpfalzecho.de","title":"Fahrr\u00e4der mit dem besonderen Etwas: Neuer CUBE-Store in Weiden","html":"<a href=\"https:\/\/oberpfalzecho.de\/wirtschaft\/fahrraeder-mit-dem-besonderen-etwas-neuer-cube-store-in-weiden\" class=\"embed-preview\"><div><strong>Fahrr\u00e4der mit dem besonderen Etwas: Neuer CUBE-Store in Weiden<\/strong><p>[Advertorial] Weiden. Auch wenn der Fr\u00fchling zur Zeit noch etwas auf sich warten l\u00e4sst &#8211; er kommt bestimmt. Und mit dem Fr\u00fchjahr geht auch wieder die neue Fahrradsaison los. Seid [&hellip;]<\/p><\/div><\/a>","width":600,"height":338}

Fahrräder mit dem besonderen Etwas: Neuer CUBE-Store in Weiden

<a href="https://oberpfalzecho.de/wirtschaft/fahrraeder-mit-dem-besonderen-etwas-neuer-cube-store-in-weiden" class="embed-preview"><div><strong>Fahrräder mit dem besonderen Etwas: Neuer CUBE-Store in Weiden</strong><p>[Advertorial] Weiden. Auch wenn der Frühling zur Zeit noch etwas auf sich warten lässt &#8211; er kommt bestimmt. Und mit dem Frühjahr geht auch wieder die neue Fahrradsaison los. Seid [&hellip;]</p></div></a>
