{"version":"1.0","type":"rich","provider_name":"OberpfalzECHO","provider_url":"https:\/\/oberpfalzecho.de","title":"Glanzhaft ausgebildet: Sarina beginnt Friseurlehre in Pressath","html":"<a href=\"https:\/\/oberpfalzecho.de\/wirtschaft\/glanzhaft-ausgebildet-sarina-beginnt-friseurlehre-in-pressath\" class=\"embed-preview\"><img src=\"https:\/\/redaktion.oberpfalzecho.de\/wp-content\/uploads\/2022\/01\/79f42c30-47b8-4c85-8fc3-3d1f335df484.jpg\" alt=\"\"><div><strong>Glanzhaft ausgebildet: Sarina beginnt Friseurlehre in Pressath<\/strong><p>Pressath. Der Friseur- und Beautysalon Glanzhaft in Pressath bildet wieder eine Friseurin aus und freut sich \u00fcber die Auszubildende Sarina Becker-K\u00f6nig. &#8220;Sch\u00f6nheit, Haare, Make-up, Kleidung \u2013 das sind alles Themen, [&hellip;]<\/p><\/div><\/a>","width":600,"height":338}

<a href="https://oberpfalzecho.de/wirtschaft/glanzhaft-ausgebildet-sarina-beginnt-friseurlehre-in-pressath" class="embed-preview"><img src="https://redaktion.oberpfalzecho.de/wp-content/uploads/2022/01/79f42c30-47b8-4c85-8fc3-3d1f335df484.jpg" alt=""><div><strong>Glanzhaft ausgebildet: Sarina beginnt Friseurlehre in Pressath</strong><p>Pressath. Der Friseur- und Beautysalon Glanzhaft in Pressath bildet wieder eine Friseurin aus und freut sich über die Auszubildende Sarina Becker-König. &#8220;Schönheit, Haare, Make-up, Kleidung – das sind alles Themen, [&hellip;]</p></div></a>
