{"version":"1.0","type":"rich","provider_name":"OberpfalzECHO","provider_url":"https:\/\/oberpfalzecho.de","title":"Laura V\u00f6lkl startet als Nachwuchsprofessorin in Weiden","html":"<a href=\"https:\/\/oberpfalzecho.de\/wirtschaft\/laura-voelkl-startet-als-nachwuchsprofessorin-in-weiden\" class=\"embed-preview\"><img src=\"https:\/\/redaktion.oberpfalzecho.de\/wp-content\/uploads\/2026\/03\/Laura-Voelkl-startet-als-Nachwuchsprofessorin-in-Weiden-scaled.jpg\" alt=\"\"><div><strong>Laura V\u00f6lkl startet als Nachwuchsprofessorin in Weiden<\/strong><p>Weiden\/Amberg. Promovieren, Wissen weitergeben und Nachhaltigkeit umsetzen. Das werden die zentralen Aufgaben f\u00fcr Laura V\u00f6lkl in den kommenden Jahren sein. Mit 30 Jahren, der Region und der Hochschule eng verbunden, \u00fcbernimmt Laura V\u00f6lkl an der OTH Amberg-Weiden nun eine besondere Rolle: Sie ist die dritte Nachwuchsprofessorin der Hochschule, die zweite an der Weiden Business School \u2013 und die erste im Promotionstrack.<\/p><\/div><\/a>","width":600,"height":338}

Laura Völkl startet als Nachwuchsprofessorin in Weiden

<a href="https://oberpfalzecho.de/wirtschaft/laura-voelkl-startet-als-nachwuchsprofessorin-in-weiden" class="embed-preview"><img src="https://redaktion.oberpfalzecho.de/wp-content/uploads/2026/03/Laura-Voelkl-startet-als-Nachwuchsprofessorin-in-Weiden-scaled.jpg" alt=""><div><strong>Laura Völkl startet als Nachwuchsprofessorin in Weiden</strong><p>Weiden/Amberg. Promovieren, Wissen weitergeben und Nachhaltigkeit umsetzen. Das werden die zentralen Aufgaben für Laura Völkl in den kommenden Jahren sein. Mit 30 Jahren, der Region und der Hochschule eng verbunden, übernimmt Laura Völkl an der OTH Amberg-Weiden nun eine besondere Rolle: Sie ist die dritte Nachwuchsprofessorin der Hochschule, die zweite an der Weiden Business School – und die erste im Promotionstrack.</p></div></a>
