{"version":"1.0","type":"rich","provider_name":"OberpfalzECHO","provider_url":"https:\/\/oberpfalzecho.de","title":"H\u043e\u0432\u044be \u0441\u0435\u043c\u0435\u0441\u0442\u0440\u044b \u043d\u0430\u0447\u0438\u043d\u0430\u044e\u0442\u0441\u044f!","html":"<a href=\"https:\/\/oberpfalzecho.de\/wirtschaft\/oth-amberg-weiden-sprachkurse-externe\" class=\"embed-preview\"><img src=\"https:\/\/redaktion.oberpfalzecho.de\/wp-content\/uploads\/2022\/01\/20170922_Sprachkurse.jpg\" alt=\"\"><div><strong>H\u043e\u0432\u044be \u0441\u0435\u043c\u0435\u0441\u0442\u0440\u044b \u043d\u0430\u0447\u0438\u043d\u0430\u044e\u0442\u0441\u044f!<\/strong><p>Amberg\/Weiden. &#8220;Nov\u00fd semestr zac\u00edn\u00e1! H\u043e\u0432\u044be \u0441\u0435\u043c\u0435\u0441\u0442\u0440\u044b \u043d\u0430\u0447\u0438\u043d\u0430\u044e\u0442\u0441\u044f! The new semester is coming up soon!&#8221; &#8211; du verstehst nichts davon oder nur einen Teil? Zeit, einen Sprachkurs an der OTH Amberg-Weiden [&hellip;]<\/p><\/div><\/a>","width":600,"height":338}

Hовыe семестры начинаются!

<a href="https://oberpfalzecho.de/wirtschaft/oth-amberg-weiden-sprachkurse-externe" class="embed-preview"><img src="https://redaktion.oberpfalzecho.de/wp-content/uploads/2022/01/20170922_Sprachkurse.jpg" alt=""><div><strong>Hовыe семестры начинаются!</strong><p>Amberg/Weiden. &#8220;Nový semestr zacíná! Hовыe семестры начинаются! The new semester is coming up soon!&#8221; &#8211; du verstehst nichts davon oder nur einen Teil? Zeit, einen Sprachkurs an der OTH Amberg-Weiden [&hellip;]</p></div></a>
